v - 4843 = -5*n + 5*v. List the prime factors of n.
3, 17, 19
Suppose 0 = 4*p - 189 + 201. Suppose -119 = a + 61. List the prime factors of (-4)/p*a/(-8).
2, 3, 5
Suppose -25*g + 29*g - 20 = 0. Suppose 215 = g*v - 10. List the prime factors of v.
3, 5
Let z(a) = a**3 + 9*a**2 + 2*a + 6. Let f be z(-8). Let i be 6/(-9) - 100/3. Let h = i + f. List the prime factors of h.
2, 5
Let z be (318/18)/((-1)/(-3)). Let o = 92 - z. List the prime factors of o.
3, 13
Suppose -5*h = 7*v - 2*v - 110, -4*v + 2*h + 82 = 0. List the prime factors of v.
3, 7
Suppose -g - 6*g + 1652 = 0. Let b = g + -138. What are the prime factors of b?
2, 7
Suppose 0 = -8*u + 41 + 23. Suppose -r = -k + u, k - 5*r - 19 = -3. Suppose -k*g = -369 + 51. What are the prime factors of g?
53
Let q(l) = l + 7. Let x(h) = -h**2 + 5*h - 2. Let v be x(4). Suppose -6*g + v*g = 0. List the prime factors of q(g).
7
Let u be (4 + -1)*69 - 1. Suppose -2*j + u - 52 = 0. List the prime factors of j.
7, 11
Let y be (-7 - -10)*3 - (3 + 0). Suppose -5*s - 84 = -y*s. List the prime factors of s.
2, 3, 7
Let c be 26/1*5/10. Let m = 2 + c. List the prime factors of m.
3, 5
Let p = 1000 + -457. Suppose -2*t = -3*n - 4*t + p, 0 = -5*t. List the prime factors of n.
181
Let c(o) = 277*o - 9. List the prime factors of c(2).
5, 109
Suppose 5*a = 5*o + 25, -3*o + 8 = 3*a - 1. Let l be 18/a*(-16)/24. List the prime factors of 11/l*36/(-4).
3, 11
Let w be 5*(-3)/(-12)*-8. Let o = w - -13. Let p(h) = 12*h + 6. List the prime factors of p(o).
2, 3, 7
Let z(l) be the second derivative of -13*l**3/6 - 43*l**2/2 - 12*l. List the prime factors of z(-15).
2, 19
Let g(b) = -3*b - 60. Let p be g(-18). What are the prime factors of (-3)/(-2)*16/p + 138?
2, 67
Let j be (-2 + 3)*(-250)/(-4)*4. Let z = -154 + j. What are the prime factors of z?
2, 3
Let w(r) = -r**3 - 13*r**2 - 10*r - 3. Let f be w(-13). Suppose 2116 = 13*g + f. List the prime factors of g.
3, 17
Suppose 5*f - 19 = 2*u, -f - 5*u + 0*u = 7. Suppose -2*a - 3*t = -143, f*a = -0*t + t + 187. List the prime factors of a.
2
Suppose 5 = 5*g - 2*t, 5*t - 1 = 24. Let r(c) = 2*c**2 + 4*c**2 + 4 - 6*c + 9*c**3 - 8*c**g. List the prime factors of r(-5).
59
Suppose 5*i + 0*l + 103 = -2*l, -3*i + 4*l - 41 = 0. Let s = -9 - i. Suppose s = q - 14. List the prime factors of q.
2, 3
Let f be 213 + 0 + 0 + -2. Suppose -f = -8*g + 77. List the prime factors of g.
2, 3
Let s = 779 - 162. What are the prime factors of s?
617
Suppose 3*t + t + 2*h = 0, -4*t = -4*h. Suppose -4*a - 20 = t, -4*u - 2*a = u - 470. What are the prime factors of u?
2, 3
Suppose -4*m = -m - 6. Suppose 0 = m*g - 2*s - 12, -3*s = -0*s. Suppose 0 = -q + 4*n - g + 39, -3*q - 3*n = -24. List the prime factors of q.
13
Suppose -4*m + 2089 = 5*p - 1485, 4*p - 5*m - 2892 = 0. What are the prime factors of p?
2, 359
What are the prime factors of 733/((-29)/3 + 10)?
3, 733
Suppose -2*j + 99 = p - 2, -j = -5*p + 505. Suppose 2*y = -2*l + 212, 2*l - p = -0*y - y. What are the prime factors of y?
3, 37
Let c(k) = -30*k + 16. List the prime factors of c(-9).
2, 11, 13
Let m be -4*(-1)/(-3)*(-3 + -3). Let d(v) = 13*v + 65. What are the prime factors of d(m)?
13
Suppose -4*w = -131 - 45. Let i be (-18)/24 - (-85)/(-4). List the prime factors of (-8)/w - 510/i.
23
Let u(x) = x**2 - 5*x - 4. Let g be u(6). Let j(c) = 7 - 8*c**3 + 6*c + 3*c**3 - 5*c**g + 3*c + 4*c**3. List the prime factors of j(-7).
2, 3, 7
Let u = -1109 + 1911. What are the prime factors of u?
2, 401
Let o(r) = 5*r**2 + 134*r - 93. What are the prime factors of o(-40)?
3, 283
Suppose -4*i - 5*s + 7106 = 0, -38*i + 1783 = -37*i - 2*s. What are the prime factors of i?
3, 593
Suppose 2*o - 26 = -5*y, y + 5*o - 31 = -3*y. Suppose -y*j + 55 + 149 = 0. List the prime factors of j.
3, 17
Suppose 5*f + 15 = 5*u, 0*f = -4*f + 2*u - 18. Let l(o) = -o - 570. Let r be l(0). What are the prime factors of (2/f)/(10/r)?
19
Suppose -7*c - 1360 = -o - 10*c, 5*c - 2716 = -2*o. List the prime factors of o.
2, 337
Suppose n + 205 = 6*n. What are the prime factors of (-42 + n)/((-66)/65 - -1)?
5, 13
Let v(f) = 425*f + 53. What are the prime factors of v(2)?
3, 7, 43
Suppose -w + 558 = 2*w. List the prime factors of w.
2, 3, 31
Suppose 2*c - 297 = -5*w, 2*c - 3*w - 607 = -2*c. Suppose 3*l = -2*j + c, 0*l + 145 = 2*j + 5*l. What are the prime factors of j?
2, 5
Suppose 4*v + 3624 = 4*a, 3 - 18 = 3*v. List the prime factors of a.
17, 53
Suppose n + n - 792 = 2*t, -4*n - 5*t = -1557. What are the prime factors of n?
3, 131
Let q = -395 + 772. List the prime factors of q.
13, 29
List the prime factors of ((-758)/(-4))/((-9)/(-18)).
379
Let r be (-6)/(-4)*(-2)/3. What are the prime factors of r*3/3*-21?
3, 7
What are the prime factors of (-12794)/(-12) - (-40)/48?
11, 97
Let j = 17 - 12. Suppose 5 + 2 = -f + 5*t, -3*f + 19 = -j*t. What are the prime factors of f?
13
Let q be (-28)/70 + (-13)/5. Let n be (-25 + -1)*(q - -2). Suppose -3*p = -n - 7. What are the prime factors of p?
11
Let k = 293 - 89. What are the prime factors of k?
2, 3, 17
Let d be (-4)/(-2) + (4 - 2). Suppose -d*g = -2*g - 154. List the prime factors of g.
7, 11
Suppose 5*b - 8 = 32. What are the prime factors of b/(-14)*2107/(-14)?
2, 43
What are the prime factors of 4/6*2 - (-12149)/3?
4051
Let z(w) = -5*w + 27. Let p be z(11). Let m be ((-42)/p)/(6/8). Suppose m*n + n = 168. List the prime factors of n.
2, 7
Suppose -4*n - 1466 = -3*w, 3*n + 1451 = 3*w + 2*n. What are the prime factors of w?
2, 241
Suppose -3*g + 0*g + 246 = 0. Let i = -36 + g. List the prime factors of i.
2, 23
Suppose -d + 8 - 1 = 0. Let m = d + -24. Let w = m + 40. What are the prime factors of w?
23
Let c(i) be the third derivative of i**6/5 - i**5/20 + i**4/12 - i**3/2 + 14*i**2. What are the prime factors of c(2)?
181
Let v be 5/10 + (-15)/2. Let k = v - -16. Suppose -3*p = b + k, 5*b + 2*p = 5*p + 27. List the prime factors of b.
3
Let o(t) = -5*t - 15. Let p(d) = -11*d**2 + 2*d - 1. Let a be p(1). Let r be o(a). Suppose -r = 2*y - 5*y - 2*b, 2*y = 2*b + 10. List the prime factors of y.
3
Let a(t) = t**3 + 9*t**2 + 2*t - 3. Let x = -9 - -9. Let p(m) = -m**3 - 8. Let q be p(x). What are the prime factors of a(q)?
3, 5
Let z = 48 + 108. Let k = -94 + z. List the prime factors of 2 - (-1)/2*k.
3, 11
Let l(p) = 3*p**2 + 4*p + 12. List the prime factors of l(8).
2, 59
Let s be (2 - -2)/((-2)/(-3)). Suppose 3*c + 0 = s. Suppose 4*i + c*a - 30 = 0, -4*i = -a - 6 - 9. What are the prime factors of i?
5
Suppose 2*n - 2*v = -7*v + 211, -4*v = -2*n + 256. What are the prime factors of n?
2, 59
What are the prime factors of 0 - 2 - (91 - 175)?
2, 41
Let n = 616 + 107. List the prime factors of n.
3, 241
Let h(y) = 3*y**2 - 7*y - 7. Let b be h(5). Let q = b + -69. Let f = 0 - q. What are the prime factors of f?
2, 3
Let m(p) = 18*p + 5. Let h be m(-2). Let w = h - -4. What are the prime factors of w*1/3*-1?
3
Suppose -2*f = 5*u - 15075, -9299 = -3*u - f - 253. List the prime factors of u.
7, 431
Let l(m) = m**2 - m + 3. Let z be l(8). Let b(d) = d**3 - d - 40. Let g be b(0). Let v = z + g. List the prime factors of v.
19
Let r be (1 - 134/3)*-12. Suppose -4*i + 2*s - r = 0, -5*i + s + 0*s - 655 = 0. Let q = 192 + i. List the prime factors of q.
61
Let v = 12 + -9. Let m = 5 + v. Suppose p - 9 = m. What are the prime factors of p?
17
Let z(k) = 0*k - 4*k - 3*k - 26 + 4*k. Let w be z(-12). Suppose d - w = -4*t, 2*t - 4*t - 5*d + 14 = 0. What are the prime factors of t?
2
Let n(a) = -a**3 - 5*a**2 + 1. Let d(l) = l**2 - l + 1. Let c be d(-4). Suppose y + v = -11, 0*v - 3*v - c = y. List the prime factors of n(y).
37
Let u = 48 - 36. What are the prime factors of 10*(18/u - (1 - 0))?
5
Let x = -29 + -22. Let w = x - -92. What are the prime factors of w?
41
Let h = 36 + -33. Suppose h*s = 2*s + 17. Let g = 20 - s. List the prime factors of g.
3
Let s(u) be the third derivative of u**5/30 - u**4/8 - 11*u**3/3 + 16*u**2. List the prime factors of s(9).
113
Let o(l) = -115*l + 1. Let k(j) = -461*j + 5. Let g(m) = 2*k(m) - 9*o(m). What are the prime factors of g(1)?
2, 3, 19
Suppose 33 - 1 = z. Let f = 41 - z. List the prime factors of f.
3
Let d(r) = -r + 21. Let c be d(18). Suppose -457 = 2*h - 7*h - c*q, 0 = 2*h + 3*q - 181. What are the prime fac